 - 2080 = 5*d - 370. Suppose 2*a + 3*a - q = 0. What is the units digit of a?
8
Let x be 34/(-119) + 23/7. Suppose 0 = -n + 7 - x. What is the units digit of n?
4
Suppose 0 = 5*x - 79 - 36. What is the units digit of (-3)/1 - x/(0 - 1)?
0
Let x(j) = 2*j**2 - 4*j + 13. Let g(n) = -n**2 - n - 1. Let i(r) = 4*g(r) + x(r). Let k(a) be the first derivative of i(a). What is the units digit of k(-4)?
8
Let z = -1132 - -4093. What is the tens digit of z?
6
Let s = 13 - 17. What is the units digit of (-127)/s - (-9)/36?
2
Let y(w) = -w**3 - 12*w**2 + 4*w + 6. Let l(k) = 1. Let c(a) = 4*l(a) - y(a). What is the units digit of c(-12)?
6
Let z = -20 - -13. Let o = -2 - z. Suppose 5*n = -3*i + 2*i - o, 0 = 5*n + 20. What is the units digit of i?
5
Suppose -3*p = 4*w - 1721 + 293, 0 = 3*p + 5*w - 1425. Suppose 7*o + o - p = 0. What is the tens digit of o?
6
Let s = -6 - -8. Suppose p - 56 = s. Let k = p + -41. What is the tens digit of k?
1
Suppose -8 = 3*g + 22. Let d be 95 + -2*(-15)/g. Suppose w - d = -3*w. What is the units digit of w?
3
Let i(o) = -2*o**2 - o**2 - 13 + 4*o**2. What is the tens digit of i(-7)?
3
Suppose -c + 4*c - 4*b + 5 = 0, -b = -2*c + 5. Suppose -3*g + 79 = -y, -4 - c = -g - 4*y. What is the tens digit of g?
2
Suppose -12*b + 1260 = -7*b. What is the hundreds digit of b?
2
What is the thousands digit of ((-44)/6)/((-4)/594)?
1
Let z = 8 - 15. Suppose -5*f + 30 = -4*k, f - 5*k + 0 = -15. Let y = f + z. What is the units digit of y?
3
Let a(m) = 6*m**2 + 16*m + 4. What is the units digit of a(7)?
0
What is the hundreds digit of (-9924)/(-34) - -3*(-4)/(-102)?
2
Let d(x) = 38 + 3*x**2 - 3*x**2 + x**3 - x**2. What is the units digit of d(0)?
8
Let k = 184 - -255. What is the units digit of k?
9
Suppose x - 4*x = r + 1, -2*x - 4 = 4*r. Let k = -58 + 36. Let h = r - k. What is the units digit of h?
1
Let d(f) = -3*f - 6. Let z be d(-3). Let r(l) = l - l**z - l + l**2 + l. What is the units digit of r(-2)?
0
Let s = -13 + -14. Let c = s - -1. Let g = c + 50. What is the tens digit of g?
2
What is the tens digit of ((-6)/4)/((-22797)/3798 + 6)?
3
Let f = 166 - -38. What is the units digit of f?
4
Let t(k) = 7*k**2 + 13 - 2*k - 3*k + 0*k - 6*k**2. What is the units digit of t(9)?
9
Let j = 2701 + -1621. What is the hundreds digit of j?
0
Suppose -5*z + 2*t = 0, 0*t = 4*z + 5*t. Suppose -28*k + 33*k - 330 = z. What is the units digit of k?
6
Suppose -108 = -3*x - 0*x. What is the units digit of (-2)/(-8) + (-15)/x*-9?
4
Suppose 14*p - 18*p + 5*x + 1109 = 0, 1380 = 5*p - 5*x. What is the tens digit of p?
7
Suppose 0 = 4*v - 25 + 5. Suppose -98 = -v*c + 22. Let y = -12 + c. What is the units digit of y?
2
Suppose 22*x = -28*x + 74750. What is the hundreds digit of x?
4
Let w(d) = -3*d + 3. Suppose -3*q + 4 = -5*q. Let o be (q/(-6))/(7/(-105)). What is the units digit of w(o)?
8
Suppose -16*m - 1592 = -20*m. What is the units digit of m?
8
Let f(y) = 2*y**2 + 19*y + 15. Let k be f(-12). Suppose 8 = 5*x + 3*o - k, 75 = 5*x + 5*o. What is the tens digit of x?
1
Suppose 0 = 2*y - 19 + 13. Let m = 4 + -2. Suppose 0*w = -m*w - 2, y*w = z - 33. What is the tens digit of z?
3
Let b = -2178 - -3783. What is the hundreds digit of b?
6
Let o(l) = l**2 - 27*l - 24. Let s be o(28). Suppose -s*m + 166 = -42. What is the units digit of m?
2
Suppose 52909 = 39*w - 1184. What is the thousands digit of w?
1
Let z be (6/7)/(1/14). Let x = z + -9. Suppose 0 = -x*s - 2*r + 26, -5*s - 4*r + 40 = r. What is the units digit of s?
0
Let q(d) = -9*d**3 - d**2. Let k be q(1). Let y be -1*2*k/(-20). What is the tens digit of ((-9)/(-18))/(y/(-58))?
2
Suppose -58*i + 99881 = -145981. What is the thousands digit of i?
4
Let l be 32/(-6)*3/6*6. Let a(w) be the first derivative of -5*w**2/2 - 19*w - 4. What is the units digit of a(l)?
1
Let m be (12/15)/(2/10). What is the units digit of m/(-6) + 801/27?
9
Let t = -8 + 10. Suppose 4*y + t*b + 3 = -3, -9 = 3*b. Suppose y = -2*w - 3*w + 130. What is the tens digit of w?
2
Let d(t) = -t + 57. What is the tens digit of d(-4)?
6
Suppose -k + 77 + 142 = 0. Let m = k - 150. What is the units digit of m?
9
Let c = 397 - 81. What is the hundreds digit of c?
3
Suppose -23 = -s + 749. What is the tens digit of s?
7
What is the tens digit of 620 + ((-48)/(-8) - (7 + -2))?
2
Let f(m) = 2*m**2 - 27*m + 34. Suppose 2*x = -6, 28 = -5*r - 4*x + 86. What is the units digit of f(r)?
8
Suppose 0 = 46*a - 12*a - 49470. What is the units digit of a?
5
Suppose -5*v + 168 = -4*a, -3*a + 135 = 4*v - 6*a. Let n be (-1)/(-3) - (-60)/v. What is the tens digit of n/(-4) + (-414)/(-36)?
1
Let j be 0 + 44/(8/2). Suppose -4*b + 153 + j = 0. What is the tens digit of b?
4
Suppose 4*g + 0*k = -3*k + 839, 2*g + 4*k = 422. What is the hundreds digit of g?
2
Let p(l) = l**2 + 19*l + 81. Let f be p(-9). Suppose 0 = -2*y + 5 + 5. Let q = y - f. What is the tens digit of q?
1
Let c = 253 - -134. What is the hundreds digit of c?
3
Let a = -10 + 11. Let l = a + 13. What is the tens digit of l?
1
Let i(y) = -20*y + 178. What is the units digit of i(-24)?
8
Let z = 11 + -7. Suppose 18 = k + r + z*r, 3*r = -4*k + 38. What is the units digit of k?
8
Let i be (8 - 0)/(6/12). Suppose -j + i = -5*z, 5 = -2*z - j - 0. What is the tens digit of 29*(-3)/z*1?
2
Let f(z) = 60*z + 16. What is the units digit of f(9)?
6
Let i = -705 - -1244. Suppose 5*u = 2*v - i, -5*v - u = -126 - 1181. What is the hundreds digit of v?
2
Let g be -1*(-3 + 2/(-2)). Suppose -4*z + g*k + 168 = 0, z = -z + k + 87. What is the tens digit of z?
4
Suppose -20 = 3*y - 8. Let x(u) = -54*u - 34. What is the hundreds digit of x(y)?
1
Let z = -5145 + 7583. What is the tens digit of z?
3
Let r = -21 - -35. Suppose -r*l + 12*l = -2. What is the units digit of l?
1
Suppose -3*f = b - 7, -3*b + 0*f = 4*f - 21. Suppose -4*g = -b - 1. Suppose 0 = -5*c - 15, -4*c - g + 44 = 2*o. What is the tens digit of o?
2
Let a(f) = f - 3. Let n be a(5). Suppose 2*u = -n*u + 4, 5*o = -5*u + 160. What is the tens digit of o?
3
Suppose 5*f - 5*s = 2*f + 11, -3*f = 5*s - 31. Suppose -f*g + 130 = -444. What is the units digit of g?
2
Let z be 10/25 + (-46)/(-10). Let x(t) = t**3 - 6*t**2 + 6*t + 3. Let u be x(z). Let d = 10 - u. What is the units digit of d?
2
Let g(y) be the second derivative of -5*y**5/2 - y**4/12 - y**3/3 - y**2/2 - 7*y. What is the tens digit of g(-1)?
5
What is the tens digit of (-3)/(-6)*-16*249/(-12)?
6
Suppose 3*j + 6 = 0, -5*j - 2451 + 5813 = 4*d. What is the tens digit of d?
4
Let t(q) = -2*q**3 - 2*q**2 - 3*q + 3. Let c be (-150)/(-22) - 4/(-22). Let b = -10 + c. What is the tens digit of t(b)?
4
Let f = 28 + -30. What is the tens digit of (4/(-3))/(f/36)?
2
Suppose 805 - 133 = 4*m. Let b = -118 + m. What is the units digit of b?
0
Let a = -1502 + 2625. What is the hundreds digit of a?
1
Suppose 4*x - 19 = 2*b + x, 2*b + 16 = 2*x. Let i be (-4)/b*(5 + 0). Suppose -3*v - 43 = -2*g, 0*g - 111 = -i*g + v. What is the units digit of g?
9
Suppose -1602 = -5*i + 3693. What is the units digit of i?
9
Let i(d) = -61*d - 282. What is the thousands digit of i(-31)?
1
Suppose -3*u + 3233 = 2*y - 583, -u + 5*y = -1272. What is the thousands digit of u?
1
Suppose -3353 = 34*b - 41*b. Suppose 3*q - b - 277 = 0. What is the tens digit of q?
5
Suppose -40*n + 42*n - 114 = 0. What is the tens digit of n?
5
Suppose 0 = 4*n - 6*n + 274. Let z(b) = b**3 - b**2 - b + 1. Let p be z(1). Suppose 5*m - n + 37 = p. What is the units digit of m?
0
Let t be 53*(266/(-10) + (-12)/30). What is the tens digit of 7 + t/(-12) + 1/(-4)?
2
Suppose 164*j - 178*j + 44002 = 0. What is the hundreds digit of j?
1
Suppose -2*y = -31 - 17. What is the units digit of y?
4
Suppose -11*h + 29 + 4998 = 0. What is the units digit of h?
7
Suppose 2*n = -v + 8101, -13*v + 11*v - 10 = 0. What is the thousands digit of n?
4
Let v = -6 - -13. Let q be 1*(v - 3 - 2). Suppose 0*a - 3*j - 282 = -5*a, q*a - 120 = 3*j. What is the units digit of a?
4
Let q be (-4)/3*27/18. Let w be q/8*-2*0. Suppose 4*f = -3*t + 36, -f + w*f + t + 9 = 0. What is the units digit of f?
9
Suppose 0 = 4*g - g - 15. Let q(t) = t**2 + 5*t + 9. Let u be q(-5). Suppose -2*i = -0*i + 3*y - 6, 3*i = g*y + u. What is the units digit of i?
3
Let p(c) be the second derivative of c**3/